4?
2, 3, 165749
List the prime factors of 2346856.
2, 293357
What are the prime factors of 4382680?
2, 5, 109567
List the prime factors of 1495441.
1153, 1297
List the prime factors of 576035.
5, 23, 5009
List the prime factors of 6312708.
2, 3, 58451
What are the prime factors of 2629946?
2, 11, 173, 691
What are the prime factors of 673934?
2, 211, 1597
What are the prime factors of 94880?
2, 5, 593
What are the prime factors of 2592092?
2, 17, 38119
List the prime factors of 7018558.
2, 107, 32797
What are the prime factors of 64835?
5, 12967
What are the prime factors of 304259?
304259
What are the prime factors of 5749164?
2, 3, 53233
List the prime factors of 516788.
2, 129197
List the prime factors of 1211334.
2, 3, 201889
List the prime factors of 1369.
37
What are the prime factors of 14654341?
13, 53, 21269
List the prime factors of 1043919.
3, 17, 6823
List the prime factors of 89095.
5, 103, 173
What are the prime factors of 94025?
5, 3761
List the prime factors of 1020933.
3, 113437
What are the prime factors of 19253610?
2, 3, 5, 213929
What are the prime factors of 96228?
2, 3, 11
What are the prime factors of 85313?
85313
What are the prime factors of 800804?
2, 200201
What are the prime factors of 284070?
2, 3, 5, 17, 557
What are the prime factors of 3962354?
2, 11, 389, 463
List the prime factors of 28487.
61, 467
What are the prime factors of 9767903?
9767903
List the prime factors of 1684824.
2, 3, 70201
What are the prime factors of 47806?
2, 11, 41, 53
List the prime factors of 3580369.
13, 29, 9497
What are the prime factors of 418047?
3, 7, 17, 1171
What are the prime factors of 1162957?
1162957
List the prime factors of 219781.
271, 811
What are the prime factors of 13113025?
5, 524521
What are the prime factors of 1458675?
3, 5, 2161
What are the prime factors of 336044?
2, 84011
What are the prime factors of 1237618?
2, 353, 1753
What are the prime factors of 91184?
2, 41, 139
What are the prime factors of 18814140?
2, 3, 5, 34841
What are the prime factors of 17627916?
2, 3, 109, 13477
What are the prime factors of 1005483?
3, 335161
What are the prime factors of 37744456?
2, 241, 19577
What are the prime factors of 4901686?
2, 37, 66239
What are the prime factors of 249953?
11, 31, 733
What are the prime factors of 2712078?
2, 3, 17, 8863
What are the prime factors of 354579?
3, 181, 653
List the prime factors of 36975.
3, 5, 17, 29
What are the prime factors of 1367215?
5, 97, 2819
List the prime factors of 427824.
2, 3, 2971
List the prime factors of 4261340.
2, 5, 213067
List the prime factors of 4893878.
2, 11, 181, 1229
What are the prime factors of 690028?
2, 172507
List the prime factors of 20405532.
2, 3, 7, 242923
What are the prime factors of 3658140?
2, 3, 5, 20323
What are the prime factors of 515784?
2, 3, 21491
List the prime factors of 3830192.
2, 239387
List the prime factors of 42375.
3, 5, 113
List the prime factors of 11002767.
3, 19, 193031
What are the prime factors of 1508177?
11, 167, 821
List the prime factors of 3093377.
7, 43, 239
What are the prime factors of 6922119?
3, 2307373
List the prime factors of 1127274.
2, 3, 89, 2111
What are the prime factors of 13638256?
2, 852391
What are the prime factors of 724765?
5, 43, 3371
What are the prime factors of 8015581?
7, 593, 1931
What are the prime factors of 55706?
2, 7, 23, 173
What are the prime factors of 7038541?
43, 191, 857
List the prime factors of 846492.
2, 3, 23, 3067
What are the prime factors of 1150888?
2, 263, 547
What are the prime factors of 12350342?
2, 19, 325009
List the prime factors of 176792.
2, 7, 11, 41
List the prime factors of 208423.
29, 7187
What are the prime factors of 1181060?
2, 5, 59053
What are the prime factors of 4841149?
4841149
List the prime factors of 13501642.
2, 7, 11, 73, 1201
What are the prime factors of 16678763?
16678763
What are the prime factors of 1897634?
2, 31, 127, 241
List the prime factors of 956248.
2, 23, 5197
What are the prime factors of 337600?
2, 5, 211
List the prime factors of 1318154.
2, 659077
List the prime factors of 11807.
11807
List the prime factors of 12463907.
17, 23, 127, 251
What are the prime factors of 8120886?
2, 3, 23, 83, 709
What are the prime factors of 2665052?
2, 13, 53, 967
What are the prime factors of 248539?
19, 103, 127
What are the prime factors of 13712504?
2, 13, 79, 1669
What are the prime factors of 1255738?
2, 11, 5189
List the prime factors of 302045.
5, 193, 313
What are the prime factors of 93452?
2, 61, 383
What are the prime factors of 12447654?
2, 3, 2074609
List the prime factors of 12140106.
2, 3, 11, 419, 439
List the prime factors of 15118831.
7, 13, 17, 29, 337
List the prime factors of 120872.
2, 29, 521
What are the prime factors of 1793056?
2, 137, 409
List the prime factors of 7602707.
7, 1086101
What are the prime factors of 148220?
2, 5, 7411
List the prime factors of 4802186.
2, 523, 4591
What are the prime factors of 46043?
41, 1123
List the prime factors of 1227347.
11, 111577
List the prime factors of 13797517.
3229, 4273
List the prime factors of 3078856.
2, 11, 59, 593
List the prime factors of 14860882.
2, 53, 140197
List the prime factors of 290505.
3, 5, 107, 181
List the prime factors of 9089132.
2, 13, 103, 1697
List the prime factors of 2926697.
1291, 2267
List the prime factors of 425014.
2, 212507
List the prime factors of 3372342.
2, 3, 379, 1483
What are the prime factors of 12356592?
2, 3, 127, 2027
What are the prime factors of 34207109?
211, 162119
What are the prime factors of 5658430?
2, 5, 31, 18253
List the prime factors of 47910.
2, 3, 5, 1597
What are the prime factors of 1511721?
3, 23, 67, 109
What are the prime factors of 199717?
7, 103, 277
What are the prime factors of 5712588?
2, 3, 7, 22669
What are the prime factors of 788979?
3, 181, 1453
List the prime factors of 358442.
2, 7, 25603
List the prime factors of 6915639.
3, 19, 121327
What are the prime factors of 1699358?
2, 31, 27409
What are the prime factors of 1360747?
1360747
List the prime factors of 320064.
2, 3, 1667
What are the prime factors of 725640?
2, 3, 5, 6047
What are the prime factors of 199616?
2, 3119
List the prime factors of 247964.
2, 61991
List the prime factors of 478299.
3, 31, 37, 139
List the prime factors of 155494.
2, 77747
List the prime factors of 48307.
7, 67, 103
List the prime factors of 513282.
2, 3, 7, 11, 101
What are the prime factors of 1091112?
2, 3, 11, 4133
What are the prime factors of 1948397?
11, 177127
List the prime factors of 163158.
2, 3, 71, 383
List the prime factors of 2407211.
2407211
List the prime factors of 4283399.
4283399
What are the prime factors of 208684?
2, 7, 29, 257
What are the prime factors of 19072?
2, 149
What are the prime factors of 610668?
2, 3, 16963
List the prime factors of 1398865.
5, 13, 21521
What are the prime factors of 172793?
67, 2579
What are the prime factors of 9485643?
3, 17, 185993
List the prime factors of 10963612.
2, 11, 67, 3719
List the prime factors of 63125.
5, 101
What are the prime factors of 591597?
3, 21911
What are the prime factors of 634922?
2, 523, 607
What are the prime factors of 431758?
2, 61, 3539
What are the prime factors of 93983?
93983
List the prime factors of 701702.
2, 350851
List the prime factors of 1048343.
1048343
List the prime factors of 265555.
5, 173, 307
What are the prime factors of 991496?
2, 11, 19, 593
List the prime factors of 375871.
409, 919
List the prime factors of 165480.
2, 3, 5, 7, 197
List the prime factors of 1674323.
7, 53, 4513
What are the prime factors of 1375775?
5, 113, 487
List the prime factors of 192121.
192121
List the prime factors of 6489053.
17, 419, 911
What are the prime factors of 502774?
2, 251387
What are the prime factors of 172707?
3, 23, 2503
List the prime factors of 1030857.
3, 37, 251
What are the prime factors of 564308?
2, 71, 1987
List the prime factors of 169878.
2, 3, 23, 1231
List the prime factors of 2284006.
2, 1142003
What are the prime factors of 2065742?
2, 7, 107, 197
List the prime factors of 143929.
163, 883
What are the prime factors of 20836?
2, 5209
What are the prime factors of 3957293?
1741, 2273
What are the prime factors of 7919025?
3, 5, 17, 6211
What are the prime